) + -15 - (-22 - -12).
31
(-8 - (69 + 25)) + -2 + 8 + 10
-86
Calculate 1119 + -1111 - (-27 - 3).
38
What is 4 - (-13 + -52 + 37)?
32
What is the value of -214 + 191 + -7 + 4 + -44?
-70
Evaluate -7 + 2 + 13 + (4 - 8) + 11 - -6.
21
(271 + -73 - 105) + -91
2
What is the value of -2 + -57 - (-2149 - -2054)?
36
What is the value of -13 + (-88 - -20 - -11) - -12?
-58
What is -100 + -35 + 141 + 1 + -40?
-33
Calculate -1874 - -1879 - (0 + (1 - 16)).
20
Evaluate -2 + 14 + 3 + -26 + -8 - -24.
5
Evaluate 12 + (10 - 18) + -2 + 13 - 99 - -7.
-77
Calculate 5 - ((-17 - ((-17 - -19) + -17)) + 102).
-95
Evaluate -96 - (-135 - 65) - 41.
63
-175 + (129 - -19) - (0 - 34)
7
Calculate -19 + -2 - (25 + (-99 - -70)).
-17
What is the value of -7 + (-29 - -12) + (38 - 6)?
8
Evaluate -13 + (-1 + (-2 - -3) - (-340 + 332)).
-5
What is the value of -1 + -31 + -2 + (-125 - -135)?
-24
What is the value of -1034 - -976 - (-11 + 4)?
-51
What is the value of 488 + -527 + 0 + 36 + 88?
85
Calculate 27 + 30 + (-13 - (33 - 17)).
28
What is (2 - 4 - (3 + -50)) + -10?
35
Evaluate (40 - -2) + -47 - -12.
7
(10 - ((22 - -15) + -8)) + 67
48
What is the value of -5 + 5 + -64 + -82 + 76 - 1?
-71
What is the value of -42 - -40 - (-39 + 1) - (-2 + 13)?
25
Evaluate -1 + -3 + (-59 - (-7 + -6) - 32).
-82
What is (-8 - (-1 - 2)) + 2 - 3 - (-443 - -396)?
41
-69 - -65 - -23 - (3 - -75)
-59
Calculate (-1 - (0 + (0 - 49))) + 2868 + -2857 - -7.
66
What is the value of 48 + -99 + 129 + -68?
10
What is the value of -48 - (13 - 86) - 63?
-38
What is the value of -48 + -30 + -27 + 87?
-18
(-14 - (-8 - 14)) + -9 + -32 + (2 - 4)
-35
Calculate 23 + -38 + 8 - (46 - -48).
-101
Evaluate -76 - (28 + (-81 + 12 - -34)).
-69
What is 1 + (3 - 3) - -2 - -49 - (5143 - 5152)?
61
What is (-3 + 2 - (3 + 5)) + 3 + -1 + -29?
-36
What is 43 + (-34 + (97 - 16) - 39)?
51
What is -17 + 24 + (-12 - (8 - -21))?
-34
What is the value of (-1 - -18 - -32) + (9 - (19 + -9) - -7)?
55
17 - 6 - (-14 + (21 - -17))
-13
What is -20 - (-2 - 18 - (92 + -101))?
-9
14 + 2 + 4 + -14 - 9 - (-3 + 12)
-12
Calculate (5 - -1) + (-28 - (-9 + -37) - (0 - -90)).
-66
Evaluate -5471 - -5438 - (1 - (0 + -34)).
-68
Evaluate (5 - 21) + -42 + 61 + 26.
29
Evaluate 35 + (-10 + 2 - (-187 - -179) - 16).
19
Evaluate (-5 - -5) + 11 + 0 - (-66 - -208).
-131
What is -10 + ((79 - 51) + -79 - (-7 + 1))?
-55
231 - (166 - 26) - -31
122
-1 + -13 + (61 - 18) + -40
-11
Evaluate (3 + -37 + 9 - -52) + (14 - -1).
42
Calculate -192 + (87 - 48 - -49).
-104
What is the value of (-26 - (123 + -117)) + -63?
-95
Calculate -1 - 0 - (-2 + 1) - ((287 - 181) + -181).
75
3 + 0 + 2 - (-33 + 64 + -12 - 57)
43
8 + (-2 - 43) + 38
1
Evaluate -613 + 734 + -86 + -4.
31
Calculate -20 + -107 - -81 - (70 + -1).
-115
Calculate (-29 - -1) + (-662 - -672) - -50.
32
-71 - -43 - ((11 - 3) + 22 + -23 - 11)
-24
Evaluate -34 - (37 + -131 + 53).
7
Calculate -379 + 316 + (105 - -8).
50
What is the value of (69 - (-38 - -3)) + -1 + -8 + 32?
127
What is (-47 + -14 - -49) + -15 + -3?
-30
7 + 24 + -16 + (-5 - -6) + 7
23
Evaluate 30 - (123 + -30 - 21).
-42
Evaluate 2 + (-42 - (17 - 28)).
-29
Calculate 76 + 0 + (2870 - 2926).
20
Calculate -1 + -36 + (-8456 - -8456).
-37
What is (-6 - (-8 - (-24 + (18 - 7)))) + 27?
16
-42 - (-44 + (-16 - -22))
-4
What is (6119 - 6110) + (1 - (0 - -2 - -1)) + -9?
-2
-47 + (-26 - -25) - (-57 + -68)
77
Calculate (4 - (-1 + 4 + -4)) + -75 + (-10 - -19).
-61
(-4487 - -4474) + -3 + 2 + (-2 - (-1 + 1))
-16
What is 0 + 54 - (-32 + (23 - -6) - (1 + -11))?
47
What is -17 + (7 - 29 - -15 - -42)?
18
What is the value of -2 + -1 + -1 + (317 - (99 - -125))?
89
What is (-8 - -6) + (54 + 47 - 83)?
16
Calculate 37 - (46 + -53 + 104).
-60
(376 - 386) + (-2 - (-5 + 0))
-7
What is the value of 59 + -1 + 1 + 61 + -34 + (-46 - -12)?
52
Calculate -20 + 1 + -10 + 11 + -10 + 10.
-18
Calculate (-120 - -123 - ((-3 - -24) + -6 + 10)) + 4.
-18
What is the value of -111 + -146 + (54 - -163)?
-40
What is -6 + 5 - (3 + (5 - -17) - (-2 - -8))?
-20
What is the value of (-133 - -199) + -53 + 59?
72
What is the value of (6 - (26 + 8)) + 2 + -9 + 7 + -7?
-35
15 + (-4 - 0) + (65 - 85) + 127
118
Calculate (6 - ((21 - (14 + -9)) + -97)) + (2 - -2).
91
What is -22 + (-15 + -10 - (-2 + -1))?
-44
Evaluate (-56 - -5) + 1 + (423 - 456).
-83
9 + -3 - (2 + -2 - -10) - (-3 - 34)
33
What is the value of (40 - 97 - -147 - 49) + -1 + 13?
53
Calculate (1 - 11) + (6 - 4) - (-174 + 73 + 184).
-91
What is (9 + -2 - (-2 - -4)) + 15 + (95 - 89)?
26
What is the value of -3433 + 3442 + (-1 - ((-1 - -3) + -11))?
17
Calculate -19 + -114 + 126 + -55 + 1.
-61
Evaluate -11 + (16 - 6) + (-3 - -10).
6
Evaluate 3 + 5 - (-6 + 16) - (-9 + 16 + 73).
-82
(-8 - (-76 + 16)) + -4 + 12
60
What is the value of -6 + (11 - (-7 - -4)) + 4 + -2 - -7?
17
-2 - (-11 + -5 + 15) - (14 + -3)
-12
Evaluate 82 + -82 - (-1 + -2 - 3 - 58).
64
Evaluate -29 + 5 + (-7 - 5 - 0) + 121 + -118.
-33
Evaluate -44 + 37 + 56 + -1.
48
What is the value of 0 + (0 - 6) - (5 - (98 - -1)) - 10?
78
Calculate (14 - 3) + 1 + 166 + -256 + -11.
-89
1 + (2 - 16) - (-117 - -140 - 8)
-28
What is (19 - (-15 + 2 - (112 - 147))) + (0 - -90)?
87
-2172 - -2195 - (44 + 3 + -1)
-23
Evaluate -4 - -1 - (11 + 1) - (-181 - -174).
-8
346 + -166 - (67 + 86)
27
(-11 + 40 - -25) + -40
14
29 + (-29 - -1) + 16 + (-2 - -52)
67
-16 + -1 + -148 + 205 + -26
14
Calculate (-21 - (-11 - 27)) + (116 - 197).
-64
What is the value of 8 - (-2 + -11) - (2 - 11)?
30
Calculate -46 - (-109 + 82 + 7).
-26
What is 41 + 17 + 30 + -113?
-25
-25 + 1 + -9 + 38 + -5
0
What is the value of -65 + 116 + -2 + -18 - 0?
31
What is the value of 24 - (54 + -62 - -23)?
9
Calculate -10 + -5 + 1 + (-6 - -6).
-14
Evaluate -78 - (-3 + -4 + 13 - (-2 - -10)).
-76
Evaluate 20 - 3 - (90 + -83) - (40 - 0).
-30
Evaluate 2096 - 2063 - (-14 - -1).
46
Evaluate 1 + -26 + (7 - -86) + -19.
49
Evaluate (-4024 - -4195) + (-1 - 92).
78
What is (5 - (2 + -7 - -14)) + 45?
41
What is the value of 11 + ((4 - 5) + -12 - (1 - 48 - -32))?
13
Evaluate (-26 + 43 - 13) + (-6 - (30 + -2)).
-30
Calculate (-823 - -821) + -6 + 6 + -50.
-52
(26 - 17) + -7 + 1 - 11 - 83
-91
What is (-268 - -157) + ((0 - -2) + 11 + -28 - -6)?
-120
What is the value of 44 + -44 - (0 - -10 - (-1 - -2)) - -89?
80
Evaluate -12 - -6 - (-10 - 22).
26
(14 - (34 + -35)) + (2 - -49) + 3 - -12
81
-3 - -25 - (17 + -7 + -13 - (3 - 11))
17
(63 - 49) + -10 + (3 - -21 - -3)
31
Evaluate 11 + -2 + (25 - (-25 + 40 - -4)).
15
Evaluate 9 + (-3 + -9 + -2 + (178 - 233) - 4).
-64
Evaluate 29 + (-12 - 0 - (-18 + 15 - 4)).
24
What is the value of (-27 - (-5 - -2) - (-361 + 352)) + 77?
62
Calculate -15 - (16 + (29 - 27)).
-33
What is -16 - -67 - -50 - 59?
42
Calculate 26 - (25 + (-31 - -7) - -17).
8
Evaluate -33 + (0 - -38) - 31.
-26
What is the value of (-54 - (-33 + 9)) + 35?
5
21 - (6 + 16 - 9) - 8 - (-47 - -1)
46
Evaluate ((43 - 14) + -6 - (0 + 2 + -4)) + 9.
34
Evaluate -73 + 6 + (-8 - -32 - 5).
-48
Evaluate 57 + (-13 - (-53 - -7)).
90
What is the value of 5 + -40 + 8 + 37?
10
0 + -7 + -18 + -1 + 24 - -17
15
Evaluate 44 + (86 - 37) + -77.
16
What is the value of 89 + (-68 - (-12 + 53))?
-20
1 + -8 + (-40 + 85 - 7 - 4)
27
Evaluate (-8 - (13 + -8) - -30) + 42.
59
Calculate -2 + (19 + -46 - (5 - (7 - -10))).
-17
Calculate (-3 - -55) + (5 - 34 - -13 - -2).
38
What is the value of 28 + (1 - 7 - 7 - (-18 + 1))?
32
What is the value of 10 + -2 + 14 + -25 - -10?
7
(-4 - 3) + (-45 - -78 - 42 - (1 - 69))
52
(-48 - (-112 + 52)) + -2 + 7
17
-32 + (19 - 17) + -14 + -61
-105
Calculate (1 - -90 - -1) + -21 + 31 + 36 + -55.
83
-3 + -7 + -7 - -3 - -28
14
Calculate 23 - ((-42 - (-6 + 6 - -13)) + -6).
84
Evaluate ((-32 + 22 - -3) + -12 - 3) + -22.
-44
87 + (7 - (-36 - -30) - 40)
60
Calculate (-21 - -45) + -18 - (-2 - -37).
-29
Evaluate 25 + -16 + -21 + 1 + 0 + 80.
69
Evaluate (23 - 100 - -41) + -45.
-81
Calculate (5 - 1) + (1 - -5 - (3 + 6 + -5)).
6
Evaluate (2 - 32 - (110 - 116)) + -23 + 7.
-40
-12 + 84 + -8 + 0
64
-2 + 5 + -10 + 20 + (11 - 56)
-32
-9 + (3 + 58 - (2 - (17 - (14 - 7))))
60
(27 - 37) + 6 + (-4 + 15 - 16)
-9
-7 - -37 - (47 + (17 - 49))
15
-48 - (-55 + 18 + 31)
-42
What is 11 + (-19 - 4) + (1 - 8) + 76?
57
(-2 - (4 - 3 - -3)) + (16 + 23 - 87)
-54
Calculate -1 + 1 + -60 - (315 + -325 - 11).
-39
Evaluate 16 + (-2